9 (base 12) in base 10?
-129
20104 (base 5) to base 15
5a4
What is -4261 (base 13) in base 10?
-9205
1054 (base 7) to base 4
11332
What is 4e1e (base 16) in base 11?
14030
What is -1402353 (base 6) in base 12?
-393b9
Convert 13003 (base 5) to base 2.
1111101011
Convert 2561 (base 11) to base 14.
1302
-12116 (base 7) to base 13
-1583
-1435 (base 8) to base 13
-494
What is 2a9b (base 12) in base 4?
1032113
Convert -3919 (base 11) to base 10.
-5102
2626 (base 7) to base 6
4344
What is -2143 (base 9) in base 5?
-22303
15c1 (base 15) to base 12
2861
-21013 (base 7) to base 3
-21001221
Convert -1200100 (base 4) to base 8.
-14020
What is 1333231 (base 4) in base 15?
264d
-11a (base 15) to base 14
-13c
Convert -ad1a (base 14) to base 15.
-8d5c
Convert -17820 (base 10) to base 12.
-a390
-103003 (base 4) to base 6
-5351
What is 31655 (base 7) in base 14?
2c2c
What is -5156 (base 9) in base 16?
-ec1
-110111000 (base 2) to base 6
-2012
What is 4746 (base 12) in base 3?
101221100
Convert -18183 (base 9) to base 14.
-4805
What is -16 (base 9) in base 5?
-30
-1517 (base 11) to base 16
-7a2
Convert -101 (base 4) to base 3.
-122
What is 21420 (base 6) in base 5?
43324
Convert 135347 (base 8) to base 13.
18a17
What is -19c9 (base 14) in base 10?
-4685
13371 (base 9) to base 6
105531
-6505 (base 7) to base 3
-10011111
Convert -1066 (base 7) to base 11.
-326
Convert -220220 (base 3) to base 12.
-480
1305 (base 7) to base 12
353
What is 4c6 (base 13) in base 5?
11323
What is -174a (base 14) in base 13?
-1b99
9027 (base 10) to base 2
10001101000011
What is 371 (base 9) in base 8?
463
-210 (base 6) to base 8
-116
What is -2020 (base 6) in base 16?
-1bc
2560 (base 8) to base 16
570
Convert -5312 (base 6) to base 16.
-4ac
What is -35745 (base 9) in base 12?
-11a28
What is -52aa (base 11) in base 7?
-26313
What is -10433 (base 8) in base 13?
-1cbb
Convert -40540 (base 6) to base 10.
-5388
What is -1997 (base 12) in base 16?
-c43
Convert -7475 (base 8) to base 5.
-111101
Convert -533 (base 11) to base 16.
-281
-1791 (base 13) to base 15
-1083
Convert -3301411 (base 5) to base 9.
-85426
-11101000001 (base 2) to base 7
-5262
Convert 231 (base 10) to base 2.
11100111
Convert -15158 (base 12) to base 10.
-29588
-1011010010 (base 2) to base 11
-5a7
What is -23b90 (base 12) in base 3?
-2110022200
20201021 (base 3) to base 9
6637
What is -3a (base 12) in base 4?
-232
What is -29 (base 15) in base 6?
-103
What is 1a3 (base 11) in base 5?
1414
Convert 5868 (base 14) to base 12.
8a98
What is 66351 (base 7) in base 5?
1013042
Convert -104471 (base 8) to base 11.
-24436
103032 (base 5) to base 11
2708
What is 4341 (base 6) in base 16?
3e5
1100110001011 (base 2) to base 9
8865
-1357 (base 10) to base 11
-1024
Convert -2201 (base 3) to base 4.
-1021
What is -321210 (base 5) in base 15?
-3305
2755 (base 10) to base 15
c3a
1776 (base 10) to base 2
11011110000
What is 7285 (base 9) in base 15?
18b2
-102150 (base 6) to base 9
-12313
What is -5205 (base 15) in base 9?
-25685
What is 1100100010000000 (base 2) in base 13?
1a494
What is 53 (base 6) in base 12?
29
What is 101011101 (base 2) in base 13?
20b
What is 221112 (base 4) in base 13?
1287
Convert -b28 (base 12) to base 15.
-72b
What is 2211011200 (base 3) in base 8?
154352
Convert 9438 (base 12) to base 9.
24158
Convert 1100120 (base 4) to base 3.
21001112
-273 (base 12) to base 13
-22b
Convert -140 (base 11) to base 6.
-433
What is 742 (base 15) in base 3?
2020122
What is -2ea (base 15) in base 14?
-35c
What is -6001 (base 11) in base 4?
-1330303
-22044 (base 7) to base 12
-3240
What is 297 (base 13) in base 10?
462
What is -3a29 (base 11) in base 7?
-21155
What is 13100 (base 7) in base 6?
24035
Convert -4987 (base 11) to base 4.
-1211230
What is -34fb (base 16) in base 12?
-7a23
Convert c75 (base 13) to base 7.
6123
What is -2120 (base 6) in base 13?
-2ac
Convert -13 (base 12) to base 15.
-10
Convert -3002 (base 4) to base 7.
-365
-22264 (base 8) to base 5
-300041
-1d9 (base 15) to base 7
-1152
Convert 31234 (base 5) to base 14.
a7b
What is -301 (base 16) in base 11?
-63a
What is -1040022 (base 6) in base 2?
-1100101010001110
What is -4322 (base 5) in base 6?
-2415
312012 (base 4) to base 14
1394
What is -182 (base 11) in base 9?
-254
19aa0 (base 13) to base 7
266136
Convert 121222000 (base 3) to base 6.
133130
What is -12217 (base 14) in base 8?
-126435
1012001 (base 3) to base 10
865
-4012 (base 6) to base 16
-368
What is 455 (base 9) in base 10?
374
a8 (base 11) to base 6
314
36405 (base 10) to base 5
2131110
270 (base 8) to base 9
224
Convert 21300 (base 5) to base 10.
1450
1064 (base 10) to base 9
1412
-33353 (base 6) to base 16
-1245
What is -111104 (base 5) in base 16?
-f40
Convert -410 (base 7) to base 6.
-535
Convert 1405 (base 6) to base 11.
302
What is 61 (base 16) in base 13?
76
What is 151511 (base 7) in base 15?
8aa8
410 (base 9) to base 7
654
What is -20011 (base 4) in base 13?
-30a
What is 11130330 (base 4) in base 12?
10b10
1103334 (base 5) to base 12
b157
101220010 (base 3) to base 5
223231
Convert 4ad3 (base 14) to base 16.
3341
-6534 (base 7) to base 9
-3166
What is 7081 (base 14) in base 12?
b221
Convert -915 (base 12) to base 2.
-10100100001
Convert 2513 (base 14) to base 9.
8805
What is 4542 (base 9) in base 8?
6437
Convert -122220002 (base 3) to base 16.
-32f3
10101111 (base 2) to base 7
340
Convert 4453 (base 6) to base 9.
1376
Convert -100001 (base 7) to base 10.
-16808
What is -1221 (base 3) in base 9?
-57
Convert 122211 (base 3) to base 11.
3a8
Convert 58 (base 14) to base 6.
210
33a (base 16) to base 13
4b7
Convert -3543 (base 9) to base 15.
-ba6
14ab (base 12) to base 9
3305
What is 6aa (base 13) in base 5?
14104
-26782 (base 9) to base 4
-10123121
Convert 5348 (base 14) to base 16.
3824
Convert -63566 (base 8) to base 7.
-140135
Convert a492 (base 14) to base 10.
28352
Convert -321011 (base 4) to base 6.
-24525
Convert -100321320 (base 4) to base 15.
-157b0
What is -352 (base 15) in base 2?
-1011110000
204520 (base 6) to base 8
40340
313224 (base 5) to base 4
2203013
What is -575a (base 11) in base 15?
-2397
-22123 (base 4) to base 6
-3031
What is 60ab (base 15) in base 9?
30888
What is -414 (base 13) in base 16?
-2b5
Convert 17336 (base 8) to base 7.
32016
What is -485 (base 14) in base 6?
-4101
What is -12a (base 16) in base 11?
-251
23353 (base 12) to base 7
254316
-21498 (base 12) to base 7
-241652
Convert c7a (base 16) to base 3.
11101022
Convert 4162 (base 14) to base 15.
3508
What is 30718 (base 12) in base 8?
173404
Convert 235112 (base 8) to base 16.
13a4a
-2c3 (base 13) to base 16
-1f1
What is -4374 (base 11) in base 4?
-1122020
What is 11002 (base 7) in base 12?
170a
-6144 (base 9) to base 12
-2727
Convert -122113 (base 6) to base 7.
-43422
Convert 15276 (base 10) to base 12.
8a10
Convert -115 (base 10) to base 4.
-1303
-11223 (base 7) to base 14
-1083
Convert -cb7 (base 13) to base 6.
-14030
6a8 (base 13) to base 9
1520
-351621 (base 7) to base 15
-13a53
Convert 458 (base 12) to base 10.
644
d62 (base 16) to base 5
102201
What is 12322 (base 5) in base 12?
682
Convert -289d (base 14) to base 12.
-41b7
-6970 (base 16) to base 9
-41021
What is 565 (base 8) in base 11?
30a
15612 (base 8) to base 9
10603
What is 303000 (base 4) in base 11?
24a8
What is -34223 (base 5) in base 9?
-3308
2776 (base 11) to base 6
24344
37d (base 15) to base 9
1071
31568 (base 9) to base 15
62be
What is 3c2b (base 13) in base 16?
21d0
-453 (base 6) to base 14
-c9
What is -433 (base 7) in base 10?
-220
What is 36a0 (base 16) in base 14?
514c
-1414 (base 6) to base 14
-1c6
Convert -103321 (base 4) to base 5.
-20043
Convert 37a (base 16) to base 11.
73a
What is -23525 (base 6) in base 2?
-110101101101
-9647 (base 11) to base 6
-135020
Convert -143 (base 11) to base 13.
-cc
What is -6607 (base 8) in base 11?
-2669
Convert 2000131 (base 5) to base 13.
11320
Convert -34213 (base 5) to base 2.
-100110000001
Convert -22a6 (base 13) to base 7.
-20123
What is -10000001000 (base 2) in base 8?
-2010
What is -21121 (base 3) in base 6?
-541
What is 53312 (base 11) in base 9?
127363
-106244 (base 7) to base 8
-45063
-34a9 (base 12) to base 10
-5889
121331 (base 6) to base 7
43141
1062 (base 11) to base 8
2567
17479 (base 12)